{"id":24461,"date":"2020-10-07T04:43:41","date_gmt":"2020-10-07T04:43:41","guid":{"rendered":"https:\/\/mersinlitemiznakliyat.com\/?page_id=24461"},"modified":"2026-03-09T18:53:24","modified_gmt":"2026-03-09T18:53:24","slug":"anasayfa","status":"publish","type":"page","link":"https:\/\/mersinlitemiznakliyat.com\/","title":{"rendered":"Anasayfa"},"content":{"rendered":"\t\t<div data-elementor-type=\"wp-page\" data-elementor-id=\"24461\" class=\"elementor elementor-24461\" data-elementor-settings=\"[]\">\n\t\t\t\t\t\t\t<div class=\"elementor-section-wrap\">\n\t\t\t\t\t\t\t<section class=\"elementor-section elementor-top-section elementor-element elementor-element-f254c44 elementor-section-boxed elementor-section-height-default elementor-section-height-default\" data-id=\"f254c44\" data-element_type=\"section\">\n\t\t\t\t\t\t<div class=\"elementor-container elementor-column-gap-default\">\n\t\t\t\t\t<div class=\"elementor-column elementor-col-100 elementor-top-column elementor-element elementor-element-af0610e\" data-id=\"af0610e\" data-element_type=\"column\">\n\t\t\t<div class=\"elementor-widget-wrap elementor-element-populated\">\n\t\t\t\t\t\t\t\t<div class=\"elementor-element elementor-element-a9500fd elementor-widget elementor-widget-heading\" data-id=\"a9500fd\" data-element_type=\"widget\" data-widget_type=\"heading.default\">\n\t\t\t\t<div class=\"elementor-widget-container\">\n\t\t\t<h1 class=\"elementor-heading-title elementor-size-default\">Mersin Pikap ve Kamyonetle Uygun Fiyatl\u0131 Nakliye<\/h1>\t\t<\/div>\n\t\t\t\t<\/div>\n\t\t\t\t\t<\/div>\n\t\t<\/div>\n\t\t\t\t\t\t\t<\/div>\n\t\t<\/section>\n\t\t\t\t<section class=\"elementor-section elementor-top-section elementor-element elementor-element-873cc81 elementor-section-boxed elementor-section-height-default elementor-section-height-default\" data-id=\"873cc81\" data-element_type=\"section\">\n\t\t\t\t\t\t<div class=\"elementor-container elementor-column-gap-default\">\n\t\t\t\t\t<div class=\"elementor-column elementor-col-50 elementor-top-column elementor-element elementor-element-a83f80f\" data-id=\"a83f80f\" data-element_type=\"column\">\n\t\t\t<div class=\"elementor-widget-wrap elementor-element-populated\">\n\t\t\t\t\t\t\t\t<div class=\"elementor-element elementor-element-1b578e2 elementor-widget elementor-widget-heading\" data-id=\"1b578e2\" data-element_type=\"widget\" data-widget_type=\"heading.default\">\n\t\t\t\t<div class=\"elementor-widget-container\">\n\t\t\t<h2 class=\"elementor-heading-title elementor-size-default\">\u015eehir d\u0131\u015f\u0131 Nakliye<\/h2>\t\t<\/div>\n\t\t\t\t<\/div>\n\t\t\t\t\t<\/div>\n\t\t<\/div>\n\t\t\t\t<div class=\"elementor-column elementor-col-50 elementor-top-column elementor-element elementor-element-39af4a8\" data-id=\"39af4a8\" data-element_type=\"column\">\n\t\t\t<div class=\"elementor-widget-wrap elementor-element-populated\">\n\t\t\t\t\t\t\t\t<div class=\"elementor-element elementor-element-7057a7b elementor-widget elementor-widget-heading\" data-id=\"7057a7b\" data-element_type=\"widget\" data-widget_type=\"heading.default\">\n\t\t\t\t<div class=\"elementor-widget-container\">\n\t\t\t<h2 class=\"elementor-heading-title elementor-size-default\">\u015eehir i\u00e7i Nakliye<\/h2>\t\t<\/div>\n\t\t\t\t<\/div>\n\t\t\t\t\t<\/div>\n\t\t<\/div>\n\t\t\t\t\t\t\t<\/div>\n\t\t<\/section>\n\t\t\t\t<section class=\"elementor-section elementor-top-section elementor-element elementor-element-f572966 elementor-section-boxed elementor-section-height-default elementor-section-height-default\" data-id=\"f572966\" data-element_type=\"section\">\n\t\t\t\t\t\t<div class=\"elementor-container elementor-column-gap-default\">\n\t\t\t\t\t<div class=\"elementor-column elementor-col-33 elementor-top-column elementor-element elementor-element-5465cdb\" data-id=\"5465cdb\" data-element_type=\"column\">\n\t\t\t<div class=\"elementor-widget-wrap elementor-element-populated\">\n\t\t\t\t\t\t\t\t<div class=\"elementor-element elementor-element-5937443 elementor-position-top elementor-vertical-align-top elementor-widget elementor-widget-image-box\" data-id=\"5937443\" data-element_type=\"widget\" data-widget_type=\"image-box.default\">\n\t\t\t\t<div class=\"elementor-widget-container\">\n\t\t\t<div class=\"elementor-image-box-wrapper\"><figure class=\"elementor-image-box-img\"><img loading=\"lazy\" decoding=\"async\" width=\"640\" height=\"480\" src=\"https:\/\/mersinlitemiznakliyat.com\/wp-content\/uploads\/2021\/12\/images-6.jpeg\" class=\"attachment-full size-full\" alt=\"\" \/><\/figure><div class=\"elementor-image-box-content\"><h3 class=\"elementor-image-box-title\">Mersin'de \u015eehir \u0130\u00e7i Nakliye<\/h3><p class=\"elementor-image-box-description\">Mersin\u2019de \u015fehir i\u00e7i nakliye ihtiya\u00e7lar\u0131n\u0131z\u0131 g\u00fcvenle ve h\u0131zla kar\u015f\u0131lamak i\u00e7in buraday\u0131z! Profesyonel ekibimiz, e\u015fyalar\u0131n\u0131z\u0131 en iyi \u015fekilde ta\u015f\u0131yarak size stressiz bir deneyim sunar. \u0130ster ev ta\u015f\u0131ma, ister ofis ta\u015f\u0131ma, ya da par\u00e7a ve k\u00fc\u00e7\u00fck e\u015fyalar\u0131n ta\u015f\u0131nmas\u0131 olsun, her t\u00fcrl\u00fc nakliye ihtiyac\u0131n\u0131za uygun \u00e7\u00f6z\u00fcmlerimizle hizmetinizdeyiz.<br><\/p><\/div><\/div>\t\t<\/div>\n\t\t\t\t<\/div>\n\t\t\t\t\t<\/div>\n\t\t<\/div>\n\t\t\t\t<div class=\"elementor-column elementor-col-33 elementor-top-column elementor-element elementor-element-1bd491c\" data-id=\"1bd491c\" data-element_type=\"column\">\n\t\t\t<div class=\"elementor-widget-wrap elementor-element-populated\">\n\t\t\t\t\t\t\t\t<div class=\"elementor-element elementor-element-435d25f elementor-position-top elementor-vertical-align-top elementor-widget elementor-widget-image-box\" data-id=\"435d25f\" data-element_type=\"widget\" data-widget_type=\"image-box.default\">\n\t\t\t\t<div class=\"elementor-widget-container\">\n\t\t\t<div class=\"elementor-image-box-wrapper\"><figure class=\"elementor-image-box-img\"><img loading=\"lazy\" decoding=\"async\" width=\"960\" height=\"718\" src=\"https:\/\/mersinlitemiznakliyat.com\/wp-content\/uploads\/2025\/04\/WhatsApp-Image-2025-04-12-at-19.24.10.jpeg\" class=\"attachment-full size-full\" alt=\"\" \/><\/figure><div class=\"elementor-image-box-content\"><h3 class=\"elementor-image-box-title\">Mersin \u015eehirler Aras\u0131 <br>Ev Ta\u015f\u0131mac\u0131l\u0131k<\/h3><p class=\"elementor-image-box-description\"><br>Evden Eve nakliyat hizmetimizle, 1+1 ve 2+1 ev e\u015fyalar\u0131n\u0131z\u0131 g\u00fcvenle ve ekonomik bir \u015fekilde yeni adresinize ta\u015f\u0131yoruz. \u0130ster bir koltuk, ister birka\u00e7 kutu; profesyonel ekibimizle h\u0131zl\u0131 ve g\u00fcvenli ta\u015f\u0131mac\u0131l\u0131k deneyimi ya\u015fay\u0131n. Hemen aray\u0131n, biz ta\u015f\u0131yal\u0131m!<\/p><\/div><\/div>\t\t<\/div>\n\t\t\t\t<\/div>\n\t\t\t\t\t<\/div>\n\t\t<\/div>\n\t\t\t\t<div class=\"elementor-column elementor-col-33 elementor-top-column elementor-element elementor-element-eeb6689\" data-id=\"eeb6689\" data-element_type=\"column\">\n\t\t\t<div class=\"elementor-widget-wrap elementor-element-populated\">\n\t\t\t\t\t\t\t\t<div class=\"elementor-element elementor-element-a39957a elementor-position-top elementor-vertical-align-top elementor-widget elementor-widget-image-box\" data-id=\"a39957a\" data-element_type=\"widget\" data-widget_type=\"image-box.default\">\n\t\t\t\t<div class=\"elementor-widget-container\">\n\t\t\t<div class=\"elementor-image-box-wrapper\"><figure class=\"elementor-image-box-img\"><img loading=\"lazy\" decoding=\"async\" width=\"768\" height=\"576\" src=\"https:\/\/mersinlitemiznakliyat.com\/wp-content\/uploads\/2021\/08\/WhatsApp-Image-2021-08-17-at-20.59.52-1-768x576.jpeg\" class=\"attachment-medium_large size-medium_large\" alt=\"\" \/><\/figure><div class=\"elementor-image-box-content\"><h3 class=\"elementor-image-box-title\">Y\u00fck Ta\u015f\u0131mac\u0131l\u0131\u011f\u0131<\/h3><p class=\"elementor-image-box-description\"><br>Y\u00fck ta\u015f\u0131mac\u0131l\u0131\u011f\u0131 hizmetimizle, b\u00fcy\u00fck ve a\u011f\u0131r e\u015fyalar\u0131n\u0131z\u0131 g\u00fcvenle ta\u015f\u0131yoruz. Modern ara\u00e7lar\u0131m\u0131z ve deneyimli ekibimizle, y\u00fcklerinizi zaman\u0131nda ve sorunsuz bir \u015fekilde yeni adresinize ula\u015ft\u0131r\u0131yoruz. G\u00fcvenilir ve profesyonel y\u00fck ta\u015f\u0131mac\u0131l\u0131\u011f\u0131 i\u00e7in do\u011fru adres! <br> <br><\/p><\/div><\/div>\t\t<\/div>\n\t\t\t\t<\/div>\n\t\t\t\t\t<\/div>\n\t\t<\/div>\n\t\t\t\t\t\t\t<\/div>\n\t\t<\/section>\n\t\t\t\t<section class=\"elementor-section elementor-top-section elementor-element elementor-element-7dae838 elementor-section-boxed elementor-section-height-default elementor-section-height-default\" data-id=\"7dae838\" data-element_type=\"section\">\n\t\t\t\t\t\t<div class=\"elementor-container elementor-column-gap-no\">\n\t\t\t\t\t<div class=\"elementor-column elementor-col-100 elementor-top-column elementor-element elementor-element-76a02ed\" data-id=\"76a02ed\" data-element_type=\"column\">\n\t\t\t<div class=\"elementor-widget-wrap elementor-element-populated\">\n\t\t\t\t\t\t\t\t<div class=\"elementor-element elementor-element-b80b5bc elementor-widget elementor-widget-heading\" data-id=\"b80b5bc\" data-element_type=\"widget\" data-widget_type=\"heading.default\">\n\t\t\t\t<div class=\"elementor-widget-container\">\n\t\t\t<h3 class=\"elementor-heading-title elementor-size-default\">MERS\u0130N TEM\u0130Z NAKL\u0130YAT<\/h3>\t\t<\/div>\n\t\t\t\t<\/div>\n\t\t\t\t<section class=\"elementor-section elementor-inner-section elementor-element elementor-element-2a1dfd0 elementor-section-content-top elementor-reverse-mobile elementor-section-boxed elementor-section-height-default elementor-section-height-default\" data-id=\"2a1dfd0\" data-element_type=\"section\">\n\t\t\t\t\t\t<div class=\"elementor-container elementor-column-gap-no\">\n\t\t\t\t\t<div class=\"elementor-column elementor-col-100 elementor-inner-column elementor-element elementor-element-209a151\" data-id=\"209a151\" data-element_type=\"column\">\n\t\t\t<div class=\"elementor-widget-wrap elementor-element-populated\">\n\t\t\t\t\t\t\t\t<div class=\"elementor-element elementor-element-090f1b3 elementor-widget elementor-widget-text-editor\" data-id=\"090f1b3\" data-element_type=\"widget\" data-widget_type=\"text-editor.default\">\n\t\t\t\t<div class=\"elementor-widget-container\">\n\t\t\t\t\t\t\t<p>Nakliyat sekt\u00f6r\u00fcnde y\u0131llar\u0131n deneyimiyle hizmet veren firmam\u0131z, m\u00fc\u015fteri memnuniyetini \u00f6n planda tutarak ta\u015f\u0131mac\u0131l\u0131k \u00e7\u00f6z\u00fcmleri sunmaktad\u0131r. Evden eve nakliyat, par\u00e7a e\u015fya ve y\u00fck ta\u015f\u0131mac\u0131l\u0131\u011f\u0131 gibi hizmetlerde uzmanla\u015fm\u0131\u015f olan ekibimiz, modern ara\u00e7lar\u0131m\u0131zla e\u015fyalar\u0131n\u0131z\u0131 g\u00fcvenle ve zaman\u0131nda yeni adresinize ula\u015ft\u0131r\u0131r. Kaliteli ambalaj malzemeleri kullanarak, e\u015fyalar\u0131n\u0131z\u0131 hasars\u0131z bir \u015fekilde ta\u015f\u0131r\u0131z. G\u00fcvenilir, h\u0131zl\u0131 ve m\u00fc\u015fteri odakl\u0131 \u00e7al\u0131\u015fma prensiplerimizle sekt\u00f6rde lider konumday\u0131z. Profesyonel nakliyat hizmetleri i\u00e7in bize ula\u015f\u0131n, ta\u015f\u0131nman\u0131n keyfini ya\u015fay\u0131n.<\/p>\t\t\t\t\t\t<\/div>\n\t\t\t\t<\/div>\n\t\t\t\t<div class=\"elementor-element elementor-element-7088e73 elementor-shape-rounded elementor-grid-0 e-grid-align-center elementor-widget elementor-widget-social-icons\" data-id=\"7088e73\" data-element_type=\"widget\" data-widget_type=\"social-icons.default\">\n\t\t\t\t<div class=\"elementor-widget-container\">\n\t\t\t\t\t<div class=\"elementor-social-icons-wrapper elementor-grid\">\n\t\t\t\t\t\t\t<span class=\"elementor-grid-item\">\n\t\t\t\t\t<a class=\"elementor-icon elementor-social-icon elementor-social-icon-facebook elementor-repeater-item-4ad8d91\" href=\"https:\/\/www.facebook.com\/Nakliyeciselo02530\" target=\"_blank\">\n\t\t\t\t\t\t<span class=\"elementor-screen-only\">Facebook<\/span>\n\t\t\t\t\t\t<i class=\"fab fa-facebook\"><\/i>\t\t\t\t\t<\/a>\n\t\t\t\t<\/span>\n\t\t\t\t\t<\/div>\n\t\t\t\t<\/div>\n\t\t\t\t<\/div>\n\t\t\t\t\t<\/div>\n\t\t<\/div>\n\t\t\t\t\t\t\t<\/div>\n\t\t<\/section>\n\t\t\t\t\t<\/div>\n\t\t<\/div>\n\t\t\t\t\t\t\t<\/div>\n\t\t<\/section>\n\t\t\t\t<section class=\"elementor-section elementor-top-section elementor-element elementor-element-1a0995a elementor-section-boxed elementor-section-height-default elementor-section-height-default\" data-id=\"1a0995a\" data-element_type=\"section\">\n\t\t\t\t\t\t<div class=\"elementor-container elementor-column-gap-default\">\n\t\t\t\t\t<div class=\"elementor-column elementor-col-33 elementor-top-column elementor-element elementor-element-f9b7088\" data-id=\"f9b7088\" data-element_type=\"column\">\n\t\t\t<div class=\"elementor-widget-wrap elementor-element-populated\">\n\t\t\t\t\t\t\t\t<div class=\"elementor-element elementor-element-b66a01f elementor-widget elementor-widget-text-editor\" data-id=\"b66a01f\" data-element_type=\"widget\" data-widget_type=\"text-editor.default\">\n\t\t\t\t<div class=\"elementor-widget-container\">\n\t\t\t\t\t\t\t<span style=\"display: none\"><strong>Kamyonetle \u015eehir \u0130\u00e7i Nakliyat<\/strong>\n\n<strong>Kamyonetle \u015eehirler Aras\u0131 Nakliyat<\/strong>\n\n<strong>Kamyonetle Nakliye<\/strong>\n\n<strong>Mersin \u015eehir \u0130\u00e7i Nakliyat<\/strong>\n\n<strong>Mersin \u015eehirler Aras\u0131 Nakliyat<\/strong>\n\n<strong>Mersin Nakliye<\/strong>\n\n<strong>Mersin Kamyonetle \u015eehir \u0130\u00e7i Nakliyat<\/strong>\n\n<strong>Mersin Kamyonetle \u015eehirler Aras\u0131 Nakliyat<\/strong><\/p><\/span>\t\t\t\t\t\t<\/div>\n\t\t\t\t<\/div>\n\t\t\t\t\t<\/div>\n\t\t<\/div>\n\t\t\t\t<div class=\"elementor-column elementor-col-33 elementor-top-column elementor-element elementor-element-fde05e4\" data-id=\"fde05e4\" data-element_type=\"column\">\n\t\t\t<div class=\"elementor-widget-wrap elementor-element-populated\">\n\t\t\t\t\t\t\t\t<div class=\"elementor-element elementor-element-b60951b elementor-widget elementor-widget-text-editor\" data-id=\"b60951b\" data-element_type=\"widget\" data-widget_type=\"text-editor.default\">\n\t\t\t\t<div class=\"elementor-widget-container\">\n\t\t\t\t\t\t\t<span style=\"display: none\"><strong>Mersin Kamyonetle Nakliye<\/strong>\n\n<strong>Mersin Par\u00e7a E\u015fya Ta\u015f\u0131mac\u0131l\u0131\u011f\u0131<\/strong>\n\n<strong>Mersin Ev E\u015fyas\u0131 Ta\u015f\u0131ma<\/strong>\n\n<strong>Mersin Pikap Nakliyat<\/strong>\n\n<strong>Mersin Az E\u015fyal\u0131 Ev Ta\u015f\u0131ma<\/strong>\n\n<strong>Mersin Kamyonetle G\u00fcvenli Ta\u015f\u0131ma<\/strong>\n\n<strong>Mersin Uygun \u00c7eyiz Ta\u015f\u0131ma<\/strong>\n\n<strong>Mersin \u00c7eyiz Ta\u015f\u0131ma<\/strong><\/span>\t\t\t\t\t\t<\/div>\n\t\t\t\t<\/div>\n\t\t\t\t\t<\/div>\n\t\t<\/div>\n\t\t\t\t<div class=\"elementor-column elementor-col-33 elementor-top-column elementor-element elementor-element-c8ef1b8\" data-id=\"c8ef1b8\" data-element_type=\"column\">\n\t\t\t<div class=\"elementor-widget-wrap elementor-element-populated\">\n\t\t\t\t\t\t\t\t<div class=\"elementor-element elementor-element-f3e34fd elementor-widget elementor-widget-text-editor\" data-id=\"f3e34fd\" data-element_type=\"widget\" data-widget_type=\"text-editor.default\">\n\t\t\t\t<div class=\"elementor-widget-container\">\n\t\t\t\t\t\t\t<span style=\"display: none\"><strong>Mersin \u00c7eyiz Nakliyat<\/strong>\n\n<strong>Mersin En Ucuz Nakliye<\/strong>\n\n<strong>Mersin 1+1 Ev E\u015fyas\u0131 Ta\u015f\u0131ma<\/strong>\n\n<strong>Mersin 7\/24 Ta\u015f\u0131mac\u0131l\u0131k<\/strong>\n\n<strong>Mersin 7\/24 Nakliyat<\/strong>\n\n<strong>Mersin Mobilya S\u00f6k\u00fcm Tak\u0131m<\/strong>\n\n<strong>Mersin Beyaz E\u015fya S\u00f6k\u00fcm Tak\u0131m<\/strong>\n\n<strong>Mersin Kamyonetle En Ucuz Nakliyat<\/strong><\/span>\t\t\t\t\t\t<\/div>\n\t\t\t\t<\/div>\n\t\t\t\t\t<\/div>\n\t\t<\/div>\n\t\t\t\t\t\t\t<\/div>\n\t\t<\/section>\n\t\t\t\t<section class=\"elementor-section elementor-top-section elementor-element elementor-element-f82728e elementor-section-boxed elementor-section-height-default elementor-section-height-default\" data-id=\"f82728e\" data-element_type=\"section\">\n\t\t\t\t\t\t<div class=\"elementor-container elementor-column-gap-default\">\n\t\t\t\t\t<div class=\"elementor-column elementor-col-100 elementor-top-column elementor-element elementor-element-da05c7a\" data-id=\"da05c7a\" data-element_type=\"column\">\n\t\t\t<div class=\"elementor-widget-wrap\">\n\t\t\t\t\t\t\t\t\t<\/div>\n\t\t<\/div>\n\t\t\t\t\t\t\t<\/div>\n\t\t<\/section>\n\t\t\t\t\t\t<\/div>\n\t\t\t\t\t<\/div>\n\t\t","protected":false},"excerpt":{"rendered":"<p>Mersin Pikap ve Kamyonetle Uygun Fiyatl\u0131 Nakliye \u015eehir d\u0131\u015f\u0131 Nakliye \u015eehir i\u00e7i Nakliye Mersin&#8217;de \u015eehir \u0130\u00e7i Nakliye Mersin\u2019de \u015fehir i\u00e7i nakliye ihtiya\u00e7lar\u0131n\u0131z\u0131 g\u00fcvenle ve h\u0131zla kar\u015f\u0131lamak i\u00e7in buraday\u0131z! Profesyonel ekibimiz, e\u015fyalar\u0131n\u0131z\u0131 en iyi \u015fekilde ta\u015f\u0131yarak size stressiz bir deneyim sunar. \u0130ster ev ta\u015f\u0131ma, ister ofis ta\u015f\u0131ma, ya da par\u00e7a ve k\u00fc\u00e7\u00fck e\u015fyalar\u0131n ta\u015f\u0131nmas\u0131 olsun, her &hellip;<\/p>\n<p class=\"read-more\"> <a class=\"\" href=\"https:\/\/mersinlitemiznakliyat.com\/\"> <span class=\"screen-reader-text\">Anasayfa<\/span> Devam\u0131 &raquo;<\/a><\/p>\n","protected":false},"author":1,"featured_media":0,"parent":0,"menu_order":0,"comment_status":"closed","ping_status":"closed","template":"","meta":{"om_disable_all_campaigns":false,"_monsterinsights_skip_tracking":false,"_monsterinsights_sitenote_active":false,"_monsterinsights_sitenote_note":"","_monsterinsights_sitenote_category":0,"footnotes":""},"class_list":["post-24461","page","type-page","status-publish","hentry"],"_links":{"self":[{"href":"https:\/\/mersinlitemiznakliyat.com\/index.php?rest_route=\/wp\/v2\/pages\/24461","targetHints":{"allow":["GET"]}}],"collection":[{"href":"https:\/\/mersinlitemiznakliyat.com\/index.php?rest_route=\/wp\/v2\/pages"}],"about":[{"href":"https:\/\/mersinlitemiznakliyat.com\/index.php?rest_route=\/wp\/v2\/types\/page"}],"author":[{"embeddable":true,"href":"https:\/\/mersinlitemiznakliyat.com\/index.php?rest_route=\/wp\/v2\/users\/1"}],"replies":[{"embeddable":true,"href":"https:\/\/mersinlitemiznakliyat.com\/index.php?rest_route=%2Fwp%2Fv2%2Fcomments&post=24461"}],"version-history":[{"count":352,"href":"https:\/\/mersinlitemiznakliyat.com\/index.php?rest_route=\/wp\/v2\/pages\/24461\/revisions"}],"predecessor-version":[{"id":24982,"href":"https:\/\/mersinlitemiznakliyat.com\/index.php?rest_route=\/wp\/v2\/pages\/24461\/revisions\/24982"}],"wp:attachment":[{"href":"https:\/\/mersinlitemiznakliyat.com\/index.php?rest_route=%2Fwp%2Fv2%2Fmedia&parent=24461"}],"curies":[{"name":"wp","href":"https:\/\/api.w.org\/{rel}","templated":true}]}}